s 5798 + -81?
5717
In base 2, what is -11101100110110011010 + 100?
-11101100110110010110
In base 11, what is 520a + -778?
4542
In base 8, what is -1 - 123416766?
-123416767
In base 9, what is -4 + -17733065?
-17733070
In base 8, what is -316350 - 1?
-316351
In base 2, what is 110000110111001111110 + -1000?
110000110111001110110
In base 2, what is 11000000111111100001 + -11?
11000000111111011110
In base 9, what is -35 + 705445?
705410
In base 13, what is -14 - -1a71ac2?
1a71aab
In base 11, what is 29a10 + -5a6?
29415
In base 6, what is 335505 + -242?
335223
In base 2, what is -111111000 - 11001010110000110?
-11001011101111110
In base 16, what is 5 - 163375?
-163370
In base 11, what is -32 - 51346?
-51378
In base 7, what is -35505210160 + -2?
-35505210162
In base 10, what is -261723 - 14?
-261737
In base 4, what is -300 - 212111331?
-212112231
In base 5, what is -10 + -43224004?
-43224014
In base 13, what is 113b + -121053?
-11cc15
In base 5, what is 1214010 + -12130?
1201330
In base 7, what is 2402144 + 40?
2402214
In base 4, what is 1013 - -103022030?
103023103
In base 6, what is 4554 - 350451?
-341453
In base 4, what is 1023203123 + -2313?
1023200210
In base 6, what is 1430215404 + 3?
1430215411
In base 10, what is 35465453 + -1?
35465452
In base 7, what is -30543230 - 60?
-30543320
In base 5, what is 4 + 21214343443?
21214344002
In base 5, what is -3 + -331020441344?
-331020441402
In base 4, what is -103 - -302023303?
302023200
In base 7, what is -212 + 626?
414
In base 4, what is -1011 - 1323030112?
-1323031123
In base 5, what is 203002 + 411003?
1114010
In base 4, what is -1203 - -11011303?
11010100
In base 16, what is 1a6ce3 + -2a9?
1a6a3a
In base 13, what is 178cc0ba - 5?
178cc0b5
In base 7, what is -335 + 33031524?
33031156
In base 2, what is 1000000111010011010101 - 100?
1000000111010011010001
In base 11, what is 79 - 8116?
-8048
In base 12, what is -4 + 2310256?
2310252
In base 6, what is 120411304 - -3?
120411311
In base 3, what is 202220 + 21121111021?
21122021011
In base 9, what is 22 + 3533348?
3533371
In base 6, what is 2112434115 - 1?
2112434114
In base 4, what is 1 - -12302300201?
12302300202
In base 13, what is -5 - 1cc90031?
-1cc90036
In base 7, what is -3055611 + 36?
-3055542
In base 10, what is 2 + 3811846?
3811848
In base 11, what is -576830 + 153?
-576688
In base 11, what is -1 + -9031787?
-9031788
In base 3, what is -2001200210201 + 11202?
-2001200121222
In base 12, what is -3 - -56534967?
56534964
In base 16, what is 10 - 3758bf?
-3758af
In base 15, what is 91a + -316?
604
In base 6, what is 4113 + 1102355?
1110512
In base 6, what is -22231 - -40132?
13501
In base 11, what is -56a4 - -1495?
-420a
In base 10, what is -164 - 131692?
-131856
In base 8, what is 326727 + -70?
326637
In base 16, what is -d - 7bda9?
-7bdb6
In base 2, what is -111010111110000110 - 10101110101?
-111011010011111011
In base 3, what is 11 + -100221112121102?
-100221112121021
In base 9, what is 5350 - -7538?
13888
In base 15, what is -1ce2d3 + -2?
-1ce2d5
In base 8, what is -164 + -16500470?
-16500654
In base 8, what is 1444244 - -253?
1444517
In base 12, what is 2b20b8 - -226?
2b2322
In base 16, what is -14 + 46403b?
464027
In base 11, what is 149a5 - -1402?
162a7
In base 3, what is 122110202 + 1222211?
201110120
In base 2, what is -1000011001001101010101 + 110?
-1000011001001101001111
In base 8, what is 3 + -265102465?
-265102462
In base 10, what is -5297 - -5643?
346
In base 14, what is 5b6 - -7490?
7a66
In base 10, what is -12933 - -190?
-12743
In base 3, what is -1122 - 12201202222001?
-12201210000200
In base 7, what is -205444 + 1165?
-204246
In base 8, what is -336065403 - -16?
-336065365
In base 15, what is 2d9 - -2341?
262a
In base 15, what is 8 - -20224c7?
20224d0
In base 9, what is 4 - 4602431?
-4602426
In base 6, what is 2451312314 + -2?
2451312312
In base 13, what is -243ab9 + -5a?
-243b46
In base 11, what is -23a + 60996?
60757
In base 7, what is -22164 - -51011?
25514
In base 13, what is -164a04 + -10?
-164a14
In base 16, what is 209b2a + -5?
209b25
In base 8, what is 276433 - 770?
275443
In base 16, what is 3 - dde03?
-dde00
In base 8, what is 410003565 + 4?
410003571
In base 7, what is 1060400610 - -20?
1060400630
In base 10, what is 1413677 + -14?
1413663
In base 8, what is -316214464 + -7?
-316214473
In base 14, what is 177 - -90d8?
9271
In base 3, what is 20210200102 + -2001112?
20201121220
In base 3, what is -110110 + 22010022000?
22002211120
In base 15, what is 4b1d834 + 11?
4b1d845
In base 10, what is 42 + -494390?
-494348
In base 13, what is 16b6 + -574?
1142
In base 15, what is 7497e + -e6?
74888
In base 10, what is 2583062445 + 3?
2583062448
In base 3, what is 0 + -112111021102122?
-112111021102122
In base 11, what is -13161 - -5a3?
-12669
In base 13, what is aaa - a1c4?
-9417
In base 6, what is 3014 + -51055?
-44041
In base 9, what is 1121344 - -14?
1121358
In base 13, what is 269 - -4144?
43b0
In base 6, what is -14 + 1224133445?
1224133431
In base 14, what is -4c9091 + -3?
-4c9094
In base 10, what is 307 + 3432325?
3432632
In base 15, what is -9b77 - 2054?
-bbcb
In base 10, what is -13 + -762526?
-762539
In base 16, what is -47e51 - 51?
-47ea2
In base 13, what is -4 - 9925c52?
-9925c56
In base 12, what is 3 - -2143a07?
2143a0a
In base 11, what is 619a5 + -5?
619a0
In base 5, what is -2 + -134131341?
-134131343
In base 13, what is -3041 - -5a?
-2cb4
In base 8, what is -3 + 740705?
740702
In base 8, what is 54225330 + 4?
54225334
In base 13, what is a212 - 552b?
49b4
In base 12, what is -64a12 - 98?
-64aaa
In base 4, what is -130203132020 - -2?
-130203132012
In base 4, what is 2032300023 + 1133?
2032301222
In base 15, what is 74 + c1ac5?
c1b49
In base 7, what is -1 - -2546464314?
2546464313
In base 15, what is 58e4d + -131?
58d1c
In base 10, what is -1149923 - -11?
-1149912
In base 11, what is -7 - 4278a718?
-4278a724
In base 14, what is 16 + 133c45?
133c5b
In base 5, what is -12104 - -3014413?
3002304
In base 8, what is -1625421 - -17?
-1625402
In base 4, what is -3113310132 - 12?
-3113310210
In base 3, what is 111002121120 + -212?
111002120201
In base 10, what is 2565 - -4915?
7480
In base 4, what is -102322003312 + 1022?
-102322002230
In base 2, what is 100011111110 + 1010001110010?
1110101110000
In base 14, what is 95707 + 1a?
95723
In base 11, what is -860624 - 0?
-860624
In base 11, what is -11597551 - -3?
-11597549
In base 9, what is -105835 + 143?
-105682
In base 16, what is -1c07abd2 - -3?
-1c07abcf
In base 4, what is -10 + -1132210321300?
-1132210321310
In base 7, what is -41 - 1134466?
-1134540
In base 15, what is 303037 + -1b?
30301b
In base 12, what is -101003 - -25?
-100b9a
In base 5, what is -200 - 1410320341?
-1410321041
In base 15, what is 4 - -5c33308?
5c3330c
In base 8, what is 517 - -465?
1204
In base 16, what is -1 - bc6f6f?
-bc6f70
In base 8, what is 23 - 13731707?
-13731664
In base 11, what is 18207705 - -4?
18207709
In base 12, what is -ab914 - 850?
-b0564
In base 13, what is -6681 - 82?
-6733
In base 9, what is 301 - -514784?
515185
In base 3, what is -2010 + -1002012221001?
-1002020000011
In base 9, what is -16005580 + 0?
-16005580
In base 6, what is -14 - -103535520?
103535502
In base 10, what is -73801 - 656?
-74457
In base 4, what is 130303 - 201310?
-11001
In base 14, what is -7d552 - 20?
-7d572
In base 13, what is -7 - -59b9aa?
59b9a3
In base 7, what is 5102 + 23425?
31530
In base 3, what is 111210222121121000 + -11?
111210222121120212
In base 11, what is -806 + 7197?
6491
In base 5, what is -340 + -24301111?
-24302001
In base 11, what is 869913 - -3?
869916
In base 3, what is 120101100 - -12?
120101112
In base 15, what is -10e0a4 + 7?
-10e09c
In base 16, what is 37b0c + -21?
37aeb
In base 4, what is -12 - -12213132112?
12213132100
In base 7, what is 4 + -250345451?
-250345444
In base 5, what is -4110442 + 4344?
-4101043
In base 10, what is -12346 - 85?
-12431
In base 6, what is 22205435 - -10103?
22215542
In base 12, what is 553 + -1940b6?
-193763
In base 5, what is 214212 + 1112?
220324
In base 9, what is -181 + -453727?
-454018
In base 15, what is -13c7a0 + 20?
-13c780
In base 8, what is 4 - 7642573?
-7642567
In base 15, what is b85e8c - 5?
b85e87
In base 4, what is -20022 - -3111032?